{"id":17,"date":"2025-01-23T15:03:53","date_gmt":"2025-01-23T15:03:53","guid":{"rendered":"https:\/\/4ci-pcs.ubi.pt\/?page_id=17"},"modified":"2025-03-24T09:29:16","modified_gmt":"2025-03-24T09:29:16","slug":"4as-conferencias","status":"publish","type":"page","link":"https:\/\/4ci-pcs.ubi.pt\/","title":{"rendered":"4as Confer\u00eancias"},"content":{"rendered":"\t\t<div data-elementor-type=\"wp-page\" data-elementor-id=\"17\" class=\"elementor elementor-17\">\n\t\t\t\t<div class=\"elementor-element elementor-element-6149e8e e-flex e-con-boxed e-con e-parent\" data-id=\"6149e8e\" data-element_type=\"container\">\n\t\t\t\t\t<div class=\"e-con-inner\">\n\t\t<div class=\"elementor-element elementor-element-91bbf92 e-con-full e-flex e-con e-child\" data-id=\"91bbf92\" data-element_type=\"container\">\n\t\t\t\t<div class=\"elementor-element elementor-element-1f13396 elementor-widget elementor-widget-text-editor\" data-id=\"1f13396\" data-element_type=\"widget\" data-widget_type=\"text-editor.default\">\n\t\t\t\t<div class=\"elementor-widget-container\">\n\t\t\t\t\t\t\t\t\t<h5><strong>L\u00edngua oficial: Portugu\u00eas<\/strong><\/h5>\t\t\t\t\t\t\t\t<\/div>\n\t\t\t\t<\/div>\n\t\t\t\t<\/div>\n\t\t<div class=\"elementor-element elementor-element-89012ef e-con-full e-flex e-con e-child\" data-id=\"89012ef\" data-element_type=\"container\">\n\t\t\t\t<div class=\"elementor-element elementor-element-af4fbb8 elementor-widget elementor-widget-image\" data-id=\"af4fbb8\" data-element_type=\"widget\" data-widget_type=\"image.default\">\n\t\t\t\t<div class=\"elementor-widget-container\">\n\t\t\t\t\t\t\t\t\t\t\t\t\t\t\t\t<a href=\"https:\/\/4ci-pcs.ubi.pt\/?page_id=78\" target=\"_blank\">\n\t\t\t\t\t\t\t<img decoding=\"async\" src=\"https:\/\/4ci-pcs.ubi.pt\/wp-content\/uploads\/elementor\/thumbs\/png-transparent-flag-of-england-flag-of-the-united-kingdom-english-flag-of-great-britain-england-english-flag-world-thumbnail-r0ftjq4s4iul4j2m1t6c4q89z7t7poubo494vsqnp0.png\" title=\"png-transparent-flag-of-england-flag-of-the-united-kingdom-english-flag-of-great-britain-england-english-flag-world-thumbnail\" alt=\"png-transparent-flag-of-england-flag-of-the-united-kingdom-english-flag-of-great-britain-england-english-flag-world-thumbnail\" loading=\"lazy\" \/>\t\t\t\t\t\t\t\t<\/a>\n\t\t\t\t\t\t\t\t\t\t\t\t\t\t\t<\/div>\n\t\t\t\t<\/div>\n\t\t\t\t<\/div>\n\t\t\t\t\t<\/div>\n\t\t\t\t<\/div>\n\t\t<div class=\"elementor-element elementor-element-e342e2f e-flex e-con-boxed e-con e-parent\" data-id=\"e342e2f\" data-element_type=\"container\">\n\t\t\t\t\t<div class=\"e-con-inner\">\n\t\t<div class=\"elementor-element elementor-element-7da7ea6 e-con-full e-flex e-con e-child\" data-id=\"7da7ea6\" data-element_type=\"container\">\n\t\t\t\t<div class=\"elementor-element elementor-element-f4a34c7 elementor-widget elementor-widget-text-editor\" data-id=\"f4a34c7\" data-element_type=\"widget\" data-widget_type=\"text-editor.default\">\n\t\t\t\t<div class=\"elementor-widget-container\">\n\t\t\t\t\t\t\t\t\t<h4><strong>1\u00aa Confer\u00eancias Internacional em Psicologia<\/strong><br \/><strong>Psicologia Cl\u00ednica e da Sa\u00fade em tempos de adversidade\u00a0e mudan\u00e7a<\/strong><\/h4>\t\t\t\t\t\t\t\t<\/div>\n\t\t\t\t<\/div>\n\t\t\t\t<\/div>\n\t\t<div class=\"elementor-element elementor-element-b9cf064 e-con-full e-flex e-con e-child\" data-id=\"b9cf064\" data-element_type=\"container\">\n\t\t\t\t<div class=\"elementor-element elementor-element-c6674d6 elementor-widget elementor-widget-button\" data-id=\"c6674d6\" data-element_type=\"widget\" data-widget_type=\"button.default\">\n\t\t\t\t<div class=\"elementor-widget-container\">\n\t\t\t\t\t\t\t\t\t<div class=\"elementor-button-wrapper\">\n\t\t\t\t\t<a class=\"elementor-button elementor-button-link elementor-size-sm\" href=\"https:\/\/ci-pcs.ubi.pt\/\" target=\"_blank\">\n\t\t\t\t\t\t<span class=\"elementor-button-content-wrapper\">\n\t\t\t\t\t\t\t\t\t<span class=\"elementor-button-text\">Clique aqui<\/span>\n\t\t\t\t\t<\/span>\n\t\t\t\t\t<\/a>\n\t\t\t\t<\/div>\n\t\t\t\t\t\t\t\t<\/div>\n\t\t\t\t<\/div>\n\t\t\t\t<\/div>\n\t\t\t\t\t<\/div>\n\t\t\t\t<\/div>\n\t\t<div class=\"elementor-element elementor-element-2fbfdd6 e-flex e-con-boxed e-con e-parent\" data-id=\"2fbfdd6\" data-element_type=\"container\">\n\t\t\t\t\t<div class=\"e-con-inner\">\n\t\t<div class=\"elementor-element elementor-element-3768f5b e-con-full e-flex e-con e-child\" data-id=\"3768f5b\" data-element_type=\"container\">\n\t\t\t\t<div class=\"elementor-element elementor-element-0cebd14 elementor-widget elementor-widget-text-editor\" data-id=\"0cebd14\" data-element_type=\"widget\" data-widget_type=\"text-editor.default\">\n\t\t\t\t<div class=\"elementor-widget-container\">\n\t\t\t\t\t\t\t\t\t<h4><strong>2\u00aa Confer\u00eancias Internacional em Psicologia<br \/>A import\u00e2ncia da Psicologia Cl\u00ednica e da Sa\u00fade no mundo atual: Desafios e Contributos<\/strong><\/h4>\t\t\t\t\t\t\t\t<\/div>\n\t\t\t\t<\/div>\n\t\t\t\t<\/div>\n\t\t<div class=\"elementor-element elementor-element-d208679 e-con-full e-flex e-con e-child\" data-id=\"d208679\" data-element_type=\"container\">\n\t\t\t\t<div class=\"elementor-element elementor-element-d103bfd elementor-widget elementor-widget-button\" data-id=\"d103bfd\" data-element_type=\"widget\" data-widget_type=\"button.default\">\n\t\t\t\t<div class=\"elementor-widget-container\">\n\t\t\t\t\t\t\t\t\t<div class=\"elementor-button-wrapper\">\n\t\t\t\t\t<a class=\"elementor-button elementor-button-link elementor-size-sm\" href=\"https:\/\/2ci-pcs.ubi.pt\/\" target=\"_blank\">\n\t\t\t\t\t\t<span class=\"elementor-button-content-wrapper\">\n\t\t\t\t\t\t\t\t\t<span class=\"elementor-button-text\">Clique aqui<\/span>\n\t\t\t\t\t<\/span>\n\t\t\t\t\t<\/a>\n\t\t\t\t<\/div>\n\t\t\t\t\t\t\t\t<\/div>\n\t\t\t\t<\/div>\n\t\t\t\t<\/div>\n\t\t\t\t\t<\/div>\n\t\t\t\t<\/div>\n\t\t<div class=\"elementor-element elementor-element-51206e7 e-flex e-con-boxed e-con e-parent\" data-id=\"51206e7\" data-element_type=\"container\">\n\t\t\t\t\t<div class=\"e-con-inner\">\n\t\t<div class=\"elementor-element elementor-element-ea4f578 e-con-full e-flex e-con e-child\" data-id=\"ea4f578\" data-element_type=\"container\">\n\t\t\t\t<div class=\"elementor-element elementor-element-4ccdb3f elementor-widget elementor-widget-text-editor\" data-id=\"4ccdb3f\" data-element_type=\"widget\" data-widget_type=\"text-editor.default\">\n\t\t\t\t<div class=\"elementor-widget-container\">\n\t\t\t\t\t\t\t\t\t<h4><strong>3\u00aa Confer\u00eancias Internacional em Psicologia<br \/>Sa\u00fade Me4ntal e Sa\u00fade Global: Respostas e Compromissos da Psicologia Cl\u00ednica sa Sa\u00fade<\/strong><\/h4>\t\t\t\t\t\t\t\t<\/div>\n\t\t\t\t<\/div>\n\t\t\t\t<\/div>\n\t\t<div class=\"elementor-element elementor-element-aaf82e2 e-con-full e-flex e-con e-child\" data-id=\"aaf82e2\" data-element_type=\"container\">\n\t\t\t\t<div class=\"elementor-element elementor-element-446623a elementor-widget elementor-widget-button\" data-id=\"446623a\" data-element_type=\"widget\" data-widget_type=\"button.default\">\n\t\t\t\t<div class=\"elementor-widget-container\">\n\t\t\t\t\t\t\t\t\t<div class=\"elementor-button-wrapper\">\n\t\t\t\t\t<a class=\"elementor-button elementor-button-link elementor-size-sm\" href=\"https:\/\/3ci-pcs.ubi.pt\/\">\n\t\t\t\t\t\t<span class=\"elementor-button-content-wrapper\">\n\t\t\t\t\t\t\t\t\t<span class=\"elementor-button-text\">Clique aqui<\/span>\n\t\t\t\t\t<\/span>\n\t\t\t\t\t<\/a>\n\t\t\t\t<\/div>\n\t\t\t\t\t\t\t\t<\/div>\n\t\t\t\t<\/div>\n\t\t\t\t<\/div>\n\t\t\t\t\t<\/div>\n\t\t\t\t<\/div>\n\t\t<div class=\"elementor-element elementor-element-3f2386e e-flex e-con-boxed e-con e-parent\" data-id=\"3f2386e\" data-element_type=\"container\">\n\t\t\t\t\t<div class=\"e-con-inner\">\n\t\t\t\t<div class=\"elementor-element elementor-element-305e897 elementor-widget elementor-widget-heading\" data-id=\"305e897\" data-element_type=\"widget\" data-widget_type=\"heading.default\">\n\t\t\t\t<div class=\"elementor-widget-container\">\n\t\t\t\t\t<h2 class=\"elementor-heading-title elementor-size-default\">MENSAGEM DE BOAS-VINDAS<\/h2>\t\t\t\t<\/div>\n\t\t\t\t<\/div>\n\t\t\t\t\t<\/div>\n\t\t\t\t<\/div>\n\t\t<div class=\"elementor-element elementor-element-d05ad4f e-flex e-con-boxed e-con e-parent\" data-id=\"d05ad4f\" data-element_type=\"container\">\n\t\t\t\t\t<div class=\"e-con-inner\">\n\t\t\t\t<div class=\"elementor-element elementor-element-21d1d1f elementor-widget elementor-widget-text-editor\" data-id=\"21d1d1f\" data-element_type=\"widget\" data-widget_type=\"text-editor.default\">\n\t\t\t\t<div class=\"elementor-widget-container\">\n\t\t\t\t\t\t\t\t\t<h5 class=\"x_elementToProof\" data-olk-copy-source=\"MessageBody\"><strong>\u00c9 com enorme satisfa\u00e7\u00e3o que vimos anunciar a 4\u00aa edi\u00e7\u00e3o Confer\u00eancias Internacionais em Psicologia Cl\u00ednica e da Sa\u00fade da Universidade da Beira Interior. Estas Confer\u00eancias, inscritas nas atividades e do 3\u00ba Ciclo em Psicologia Cl\u00ednica e da Sa\u00fade do Departamento de Psicologia e Educa\u00e7\u00e3o, contam com a colabora\u00e7\u00e3o da Faculdade de Ci\u00eancias Sociais e Humanas, em cujas instala\u00e7\u00f5es ir\u00e3o decorrer nos dias 20 e 21 de maio de 2025.<\/strong><\/h5><h5 class=\"x_elementToProof\"><strong>\u00a0Subordinadas, desta vez, ao tema Sa\u00fade Mental e Mudan\u00e7as: Oportunidades e Desafios para a Psicologia Cl\u00ednica e da Sa\u00fade pretende-se, com as mesmas, criar um espa\u00e7o de reflex\u00e3o acerca das exig\u00eancias adaptativas decorrentes de uma realidade fortemente marcada por mudan\u00e7as e incertezas e seu impacto na sa\u00fade mental.<\/strong><\/h5><h5 class=\"x_elementToProof\"><strong>Poder\u00e1 a Psicologia Cl\u00ednica e da Sa\u00fade contribuir para ajudar a maximizar os recursos adaptativos necess\u00e1rios? Acreditamos que sim. Da\u00ed o desafio tornar-se oportunidade de contribuir para a constru\u00e7\u00e3o de mais e melhores respostas, fazendo desabrochar os recursos existentes em cada ser humano.<\/strong><\/h5><h5 class=\"x_elementToProof\"><strong>De forma a encurtar dist\u00e2ncias manteremos o formato h\u00edbrido. Para estimular um espa\u00e7o de reflex\u00e3o e partilha teremos connosco conferencistas convidados de elevado m\u00e9rito e reconhecimento internacional. Para al\u00e9m dos conferencistas convidados teremos connosco aqueles e aquelas que desejem partilhar os resultados das suas investiga\u00e7\u00f5es e das suas reflex\u00f5es atrav\u00e9s de simp\u00f3sios, comunica\u00e7\u00f5es livres e posters.<\/strong><\/h5><h5 class=\"x_elementToProof\"><strong>Estou certo que as 4as Confer\u00eancias Internacionais em Psicologia Cl\u00ednica e da Sa\u00fade vos proporcionar\u00e3o uma experi\u00eancia \u00fanica de reflex\u00e3o, partilha, atualiza\u00e7\u00e3o de conhecimento e agrad\u00e1vel conv\u00edvio.<\/strong><\/h5><h5>\u00a0<\/h5><h5><strong>O Coordenador da Comiss\u00e3o Cient\u00edfica<br \/><\/strong><br \/><strong><em>Manuel Loureiro<\/em><\/strong><\/h5>\t\t\t\t\t\t\t\t<\/div>\n\t\t\t\t<\/div>\n\t\t\t\t\t<\/div>\n\t\t\t\t<\/div>\n\t\t\t\t<\/div>\n\t\t","protected":false},"excerpt":{"rendered":"<p>L\u00edngua oficial: Portugu\u00eas 1\u00aa Confer\u00eancias Internacional em PsicologiaPsicologia Cl\u00ednica e da Sa\u00fade em tempos de adversidade\u00a0e mudan\u00e7a Clique aqui 2\u00aa Confer\u00eancias Internacional em PsicologiaA import\u00e2ncia da Psicologia Cl\u00ednica e da Sa\u00fade no mundo atual: Desafios e Contributos Clique aqui 3\u00aa Confer\u00eancias Internacional em PsicologiaSa\u00fade Me4ntal e Sa\u00fade Global: Respostas e Compromissos da Psicologia Cl\u00ednica sa&#8230;<\/p>\n<p class=\"more-link\"><a href=\"https:\/\/4ci-pcs.ubi.pt\/\"><span>Read More<\/span><i>&#43;<\/i><\/a><\/p>\n","protected":false},"author":1,"featured_media":0,"parent":0,"menu_order":0,"comment_status":"closed","ping_status":"closed","template":"","meta":{"footnotes":""},"class_list":["post-17","page","type-page","status-publish","hentry"],"_links":{"self":[{"href":"https:\/\/4ci-pcs.ubi.pt\/index.php?rest_route=\/wp\/v2\/pages\/17","targetHints":{"allow":["GET"]}}],"collection":[{"href":"https:\/\/4ci-pcs.ubi.pt\/index.php?rest_route=\/wp\/v2\/pages"}],"about":[{"href":"https:\/\/4ci-pcs.ubi.pt\/index.php?rest_route=\/wp\/v2\/types\/page"}],"author":[{"embeddable":true,"href":"https:\/\/4ci-pcs.ubi.pt\/index.php?rest_route=\/wp\/v2\/users\/1"}],"replies":[{"embeddable":true,"href":"https:\/\/4ci-pcs.ubi.pt\/index.php?rest_route=%2Fwp%2Fv2%2Fcomments&post=17"}],"version-history":[{"count":29,"href":"https:\/\/4ci-pcs.ubi.pt\/index.php?rest_route=\/wp\/v2\/pages\/17\/revisions"}],"predecessor-version":[{"id":539,"href":"https:\/\/4ci-pcs.ubi.pt\/index.php?rest_route=\/wp\/v2\/pages\/17\/revisions\/539"}],"wp:attachment":[{"href":"https:\/\/4ci-pcs.ubi.pt\/index.php?rest_route=%2Fwp%2Fv2%2Fmedia&parent=17"}],"curies":[{"name":"wp","href":"https:\/\/api.w.org\/{rel}","templated":true}]}}